est common factor of t and h?
8
Let t(d) = 10*d - 17. Let g be t(5). Let v = 61 - g. Let h = v - 4. What is the highest common divisor of 6 and h?
6
Suppose 3*n - 5700 = -5*p, 4*p - 5*n = 3186 + 1411. What is the highest common divisor of 9 and p?
9
Let l be 22/(-8)*(-2 - 2). Let x(y) = 276*y**2 - 9600*y - 9601. Let w be x(-1). Calculate the highest common divisor of l and w.
11
Let a be (8/16)/((-5)/(-90)). Let t be (26 - 1) + 6 + a + -14. What is the greatest common divisor of t and 91?
13
Let c be (-748 + (-3)/(-3)*-3)/(7/(-35)). Calculate the greatest common divisor of c and 10.
5
Let j be (580/(-15))/((-6)/63*1). Let g = j - 36. What is the highest common divisor of 5 and g?
5
Let d = 22 + -177. Let g = -135 - d. What is the greatest common factor of g and 8?
4
Suppose 2*k = 4*k - 8. Let f = 49 - 44. Suppose -q - f*s + 3 = 0, 0 = 3*q + 2*q + s - 135. Calculate the greatest common divisor of k and q.
4
Let m(b) = 3*b**2 + 16*b - 125. Let z be m(12). Suppose -7*y - 331 = -z. Calculate the greatest common divisor of 16 and y.
8
Suppose -383 - 140 - 293 = -51*m. Let x(f) = f + 3. Let u be x(-2). Calculate the highest common divisor of m and u.
1
Let z(p) = 7*p - 3. Let q(y) = 2*y + 37. Let v be q(-18). Let r be z(v). Suppose 4*u - 15 = x - 2*x, x = -1. What is the greatest common divisor of r and u?
4
Let v be (-5960)/(-70) - 1/7. Suppose -6*b = b + 287. Let d = 58 + b. What is the greatest common factor of v and d?
17
Suppose 0*f + 10*f + 140 = 0. Let p be f*((-25)/10)/5. Let g(a) = a**3 - 8*a**2 - 8*a - 8. Let h be g(9). Calculate the greatest common factor of p and h.
1
Let y = 6789 + -3320. Suppose 4*l + o - y = 0, -3*l + l - 3*o = -1727. What is the greatest common factor of 28 and l?
28
Let v(a) = 11*a + 5. Let o be v(3). Suppose -4*q + 146 = -2*n, 2*n = q + n - o. Calculate the greatest common factor of q and 455.
35
Let g = 1958 - 838. Suppose -g = 108*k - 118*k. What is the highest common factor of 32 and k?
16
Let h(v) = 2*v**2 + 64*v + 70. Let r be h(-32). Let u be ((-10)/(-4))/(r/616). Let g be (6/9)/(2/6). What is the greatest common divisor of u and g?
2
Let w = 128 + -45. Suppose 4*n = w + 9. What is the highest common factor of 368 and n?
23
Let n = 22 - 15. Suppose 3*z + 60 = -4*w + 6*z, -4*z - 16 = 0. Let l be (42/w)/n - 91/(-3). What is the greatest common divisor of l and 24?
6
Let p be (11/(-3))/(3/(-9)). Suppose -17*t + 618 + 779 = -1034. Calculate the highest common factor of t and p.
11
Let f(w) = w**2 - 3*w - 35. Let q be f(8). Calculate the highest common divisor of q and 7.
1
Let l = -675 + 675. Suppose -5*w + 4*d + 442 = l, -8*d + 3*d = 2*w - 190. Calculate the highest common divisor of 18 and w.
18
Suppose 6*n + 3*c - 1095 = 0, 3*n + c - 476 = 69. What is the greatest common divisor of n and 660?
60
Let z(v) = -3*v**3 - v**2 - 2*v - 2. Let o be z(-1). Suppose -158*t = -163*t + 35. Calculate the highest common divisor of o and t.
1
Let i be (45/1)/(78/104)*120/150. Calculate the greatest common divisor of i and 2480.
16
Let u = 402 - 364. Suppose 0 = -3*b + 3*i + 21, -2*b + 61 = i + u. Calculate the greatest common divisor of b and 250.
10
Let x(m) = -m**2 + 2*m + 20. Let k be x(7). Let g = 20 + k. Suppose -g*q = -51 - 39. Calculate the greatest common factor of 27 and q.
9
Let g be ((-70)/(-28) - 3)*-80. Let j be (-6)/8*(-24)/9. Suppose h = -j*h + 24. Calculate the greatest common factor of h and g.
8
Suppose 9*r = 6*r + 36. Let q(f) = 7*f**3 - f - r*f**3 + 4*f**3 - 1 + 9. Let d be q(0). Calculate the highest common divisor of d and 88.
8
Let j = -1589 - -1053. Let c = j - -549. What is the highest common divisor of c and 104?
13
Let y(z) = -z + 19. Let o be y(10). Let w be 8/(-64) - 10094/(-112). What is the highest common divisor of o and w?
9
Let d = -158 + 314. Let i be d/3 - (-40)/10. What is the greatest common divisor of 104 and i?
8
Let f be 114/855 - 4/(-30)*16904. Suppose 0 = -3*o + 26*o - f. Calculate the highest common factor of 441 and o.
49
Let g = 56 - 36. Suppose -63 + 503 = g*k. Let a(z) = 6*z**3 + 2*z**2 - 1. Let y be a(2). Calculate the greatest common factor of y and k.
11
Let w be -48*-2*(-2)/(-6). Let z = -268 + 272. Suppose 11*b - d - 287 = 10*b, -z*b = 4*d - 1156. What is the highest common divisor of w and b?
32
Suppose -545 + 557 = -6*t, 380 = 3*p - t. Calculate the highest common divisor of p and 1512.
126
Suppose 47 + 173 = 5*q. Let u(y) = -33*y - 2. Let m be u(-1). Suppose 5*w = 24 + m. What is the highest common factor of q and w?
11
Suppose -3*x + 182 = -16*x. Let r be ((-60)/(-70))/((-4)/x). Let s be 13/39 - (-104)/r. Calculate the greatest common divisor of 14 and s.
7
Let v(n) = -8*n - 9. Suppose 15 - 21 = 2*w. Let z be v(w). Suppose 60 = 2*o + d, 5 = 5*d + z. Calculate the greatest common factor of o and 62.
31
Let f(i) = -144*i - 516. Let d be f(-4). Suppose 4*o - 111 = -5*z + 234, -2*o + 180 = 4*z. What is the highest common divisor of d and o?
20
Let f = 39 - -3. Let v = -17518 - -17630. Calculate the highest common divisor of f and v.
14
Let w = -3427 - -3439. Calculate the highest common factor of w and 3750.
6
Let j be (90 + -3)*(3 + 2). Suppose 2*f + 23 = 3*d, 0 = 5*d - f + 66 - 95. Calculate the highest common factor of d and j.
5
Let o = 38388 + -34846. What is the greatest common divisor of 138 and o?
46
Let j(l) = 2*l - 7*l**3 - 5*l**3 + l**2 + 5*l**3 - 17*l**3. Let m = -22 + 21. Let z be j(m). Calculate the highest common factor of 1 and z.
1
Suppose 4*a - 52 = -3*l, -4*l = l - a - 56. Let f = -3 + l. Let o(n) = n**2 + 5*n - 48. Let i be o(-12). Calculate the highest common factor of f and i.
9
Suppose -4 - 52 = -2*i - 5*k, 0 = -5*i - 5*k + 125. Suppose -5*u = -7*u + 4*c + 46, 0 = -5*c. Calculate the greatest common factor of u and i.
23
Let n = 2 + -1. Let o(i) = 4*i**2 + 2*i - 3. Let h = -267 - -265. Let s be o(h). Calculate the highest common factor of s and n.
1
Suppose 4*q + 8 = 0, 32*o = 35*o - 2*q - 100. Suppose -o - 92 = -h + 5*z, -5*h + 2*z = -505. Calculate the highest common divisor of h and 55.
11
Suppose -4226*q - 10 = -4233*q + 214. Let f be 6/21 + 7386/21. What is the highest common divisor of f and q?
32
Let w be (-50)/(-2) + 13328/(-784). Calculate the highest common factor of w and 804.
4
Let n(h) = 2*h**3 - 133*h**2 - 163*h - 613. Let s be n(68). What is the highest common factor of s and 1875?
75
Let w be 0 - (-5)/1*4. Suppose 4*q - 5*q + 22 = 0. Suppose 0*c - r = -3*c + 29, 2*c + 2*r - q = 0. What is the highest common factor of c and w?
10
Let q be -244 + 22 + -7 + 2. Let b = -110 - q. What is the highest common factor of 9 and b?
9
Suppose 2*q - 5*b = 54, -5*b - 32 = -q - 0. Suppose z + 14*z - 1089 = 4*z. What is the greatest common divisor of q and z?
11
Let z(i) = -41 + 17*i**2 + 3*i + 7 - 22 + i**3 - 7*i. Let m be z(-17). What is the highest common factor of m and 192?
12
Let w(p) = 14470*p**2 + 12*p - 10. Let s be w(1). Let t be 5/(150/s) + 3/5. What is the highest common divisor of 23 and t?
23
Suppose -u + 3*i - 45 = -124, 0 = u + 2*i - 64. What is the highest common factor of u and 2394?
14
Suppose f - 723 = -5*r, 0 = 12*r - 9*r - 5*f - 445. Let c = r - 117. What is the highest common factor of 224 and c?
28
Suppose -206 = -m + 44*h - 49*h, 0 = -5*m + 3*h + 974. Calculate the greatest common factor of 1323 and m.
49
Let z(h) = -3*h**3 - 12*h**2 - 3*h + 22. Let q be z(-3). What is the highest common divisor of 190 and q?
2
Let b be ((-110)/11 - -12) + -4. Let o(q) = -3 + 0*q - 95*q - 37*q. Let c be o(b). What is the highest common factor of c and 29?
29
Suppose a + 206 = 3*a - 2*w, -5*w + 5 = 0. Suppose -4*l + 136 = -a. Suppose 5*n = 2*f + 66, 5*f - 12 = -2*n + f. What is the greatest common factor of n and l?
12
Let t = -36 + 61. Let m = 1269 + -1264. What is the highest common divisor of m and t?
5
Let q be 5 + (-592)/(-112)*7. Calculate the greatest common divisor of 66 and q.
6
Let p = -1808 - -3675. Suppose -7*r + p = 138. What is the highest common factor of 57 and r?
19
Let n = 4413 - 4379. What is the greatest common factor of 68 and n?
34
Let i be (1*4)/((-6)/(-3)). Let x = 31828 + -31824. Calculate the highest common factor of x and i.
2
Suppose 0 = -0*q + 3*q. Suppose 0 = -q*l - 3*l + 78. Let h be 10/(-30)*(-2 + 3 - 196). W